{"id":1301,"date":"2025-05-06T06:44:28","date_gmt":"2025-05-06T09:44:28","guid":{"rendered":"https:\/\/digietal.net\/projetos\/?page_id=1301"},"modified":"2025-09-30T08:33:50","modified_gmt":"2025-09-30T11:33:50","slug":"fatos-relevantes","status":"publish","type":"page","link":"https:\/\/sindesp.org.br\/index.php\/fatos-relevantes\/","title":{"rendered":"Fatos Relevantes"},"content":{"rendered":"\t\t<div data-elementor-type=\"wp-page\" data-elementor-id=\"1301\" class=\"elementor elementor-1301\" data-elementor-post-type=\"page\">\n\t\t\t\t<div class=\"elementor-element elementor-element-32bbad5 e-con-full e-flex wpr-particle-no wpr-jarallax-no wpr-parallax-no wpr-sticky-section-no wpr-equal-height-no e-con e-parent\" data-id=\"32bbad5\" data-element_type=\"container\" data-e-type=\"container\" data-settings=\"{&quot;background_background&quot;:&quot;classic&quot;,&quot;shape_divider_bottom&quot;:&quot;book&quot;}\">\n\t\t\t\t<div class=\"elementor-shape elementor-shape-bottom\" aria-hidden=\"true\" data-negative=\"false\">\n\t\t\t<svg xmlns=\"http:\/\/www.w3.org\/2000\/svg\" viewBox=\"0 0 1000 100\" preserveAspectRatio=\"none\">\n\t<path class=\"elementor-shape-fill\" d=\"M194,99c186.7,0.7,305-78.3,306-97.2c1,18.9,119.3,97.9,306,97.2c114.3-0.3,194,0.3,194,0.3s0-91.7,0-100c0,0,0,0,0-0 L0,0v99.3C0,99.3,79.7,98.7,194,99z\"\/>\n<\/svg>\t\t<\/div>\n\t\t\t\t<div class=\"elementor-element elementor-element-d9965ef elementor-widget elementor-widget-heading\" data-id=\"d9965ef\" data-element_type=\"widget\" data-e-type=\"widget\" data-widget_type=\"heading.default\">\n\t\t\t\t\t<h2 class=\"elementor-heading-title elementor-size-default\">O SINDESP<\/h2>\t\t\t\t<\/div>\n\t\t\t\t<\/div>\n\t\t<div class=\"elementor-element elementor-element-b0352e8 e-flex e-con-boxed wpr-particle-no wpr-jarallax-no wpr-parallax-no wpr-sticky-section-no wpr-equal-height-no e-con e-parent\" data-id=\"b0352e8\" data-element_type=\"container\" data-e-type=\"container\" data-settings=\"{&quot;background_background&quot;:&quot;classic&quot;}\">\n\t\t\t\t\t<div class=\"e-con-inner\">\n\t\t\t\t<div class=\"elementor-element elementor-element-aa08e4b elementor-widget elementor-widget-text-editor\" data-id=\"aa08e4b\" data-element_type=\"widget\" data-e-type=\"widget\" data-widget_type=\"text-editor.default\">\n\t\t\t\t\t\t\t\t\t<p>No dia 23 de junho de 2016, reunidos em Assembleia Geral, no audit\u00f3rio do Centro de Estudos Sociais Aplicados \u2013 CESA, aconteceu uma ASSEMBLEIA GERAL EXTRAORDIN\u00c1RIA convocada atrav\u00e9s de Edital publicado no jornal O POVO de 20 de junho de 2016.<\/p>\t\t\t\t\t\t\t\t<\/div>\n\t\t\t\t\t<\/div>\n\t\t\t\t<\/div>\n\t\t<div class=\"elementor-element elementor-element-0122dba e-flex e-con-boxed wpr-particle-no wpr-jarallax-no wpr-parallax-no wpr-sticky-section-no wpr-equal-height-no e-con e-parent\" data-id=\"0122dba\" data-element_type=\"container\" data-e-type=\"container\">\n\t\t\t\t\t<div class=\"e-con-inner\">\n\t\t\t\t<div class=\"elementor-element elementor-element-6c71903 elementor-widget elementor-widget-image\" data-id=\"6c71903\" data-element_type=\"widget\" data-e-type=\"widget\" data-widget_type=\"image.default\">\n\t\t\t\t\t\t\t\t\t\t\t\t\t\t\t<img decoding=\"async\" src=\"https:\/\/digietal.net\/projetos\/wp-content\/uploads\/2025\/05\/fatos-relevantes.png\" title=\"\" alt=\"\" loading=\"lazy\" \/>\t\t\t\t\t\t\t\t\t\t\t\t\t\t\t<\/div>\n\t\t\t\t\t<\/div>\n\t\t\t\t<\/div>\n\t\t<div class=\"elementor-element elementor-element-e517ea1 e-flex e-con-boxed wpr-particle-no wpr-jarallax-no wpr-parallax-no wpr-sticky-section-no wpr-equal-height-no e-con e-parent\" data-id=\"e517ea1\" data-element_type=\"container\" data-e-type=\"container\" data-settings=\"{&quot;background_background&quot;:&quot;classic&quot;}\">\n\t\t\t\t\t<div class=\"e-con-inner\">\n\t\t\t\t<div class=\"elementor-element elementor-element-18c2092 elementor-widget elementor-widget-text-editor\" data-id=\"18c2092\" data-element_type=\"widget\" data-e-type=\"widget\" data-widget_type=\"text-editor.default\">\n\t\t\t\t\t\t\t\t\t<p>Na pauta constava a cobran\u00e7a da presta\u00e7\u00e3o de contas da antiga diretoria e, caso isto n\u00e3o acontecesse, a vota\u00e7\u00e3o da sua destitui\u00e7\u00e3o e a aclama\u00e7\u00e3o de uma diretoria provis\u00f3ria.<\/p><p>Na \u00faltima hora o presidente da \u00e9poca tentou tumultuar o evento atrav\u00e9s de uma notifica\u00e7\u00e3o extrajudicial que foi ignorada pela assembleia. A sua aus\u00eancia ensejou a vota\u00e7\u00e3o por unanimidade de sua destitui\u00e7\u00e3o e a aclama\u00e7\u00e3o de uma diretoria provis\u00f3ria constitu\u00edda de 7 membros: professor Gilberto Leit\u00e3o \u2013 presidente, professor In\u00e1cio de Loiola Saraiva- vice-presidente, Vanda Nuvens Cidade Silveira \u2013 vice-presidente regional da URCA, Jos\u00e9 C\u00e9lio Gomes de Andrade \u2013 vice-presidente regional da UVA, Adegildo Ferrer \u2013 secret\u00e1rio geral, Alberto Dias Gadanha- diretor de Finan\u00e7as e Heloisa Barros Leal \u2013 diretora de imprensa e divulga\u00e7\u00e3o.<\/p><p>A miss\u00e3o prec\u00edpua da diretoria provis\u00f3ria era de estancar a sangria financeira, conter os desmandos da diretoria destitu\u00edda e promover elei\u00e7\u00f5es livres e democr\u00e1ticas para recompor a dire\u00e7\u00e3o do SINDESP.<\/p><p>A diretoria provis\u00f3ria encontrou a sede do SINDESP semidestru\u00edda, um saldo de apenas 13.000,00 (treze mil reais) na conta banc\u00e1ria e d\u00edvidas as mais diversas.<\/p><p>Durante o per\u00edodo da Diretoria Provis\u00f3ria foi iniciada a elabora\u00e7\u00e3o do novo estatuto do SINDESP e promovida a elei\u00e7\u00e3o que aconteceu no dia 29 de novembro de 2016 para o preenchimento de todos os cargos da Diretoria Executiva, do Conselho Fiscal e a representa\u00e7\u00e3o de todos os Centros e Faculdades da UECE, da URCA e da UVA.<\/p><p>A Diretoria Provis\u00f3ria sofreu alguns percal\u00e7os. A conta banc\u00e1ria do SINDESP foi bloqueada por conta de uma interven\u00e7\u00e3o absurda da justi\u00e7a comum provocada por uma a\u00e7\u00e3o intempestiva da inconformada diretoria executiva destitu\u00edda.<\/p><p>No entanto, a diretoria provis\u00f3ria cumpriu algumas metas: iniciou a discuss\u00e3o sobre o novo estatuto, conteve os desmandos e os gastos excessivos e injustificados e o mais importante, promoveu a primeira elei\u00e7\u00e3o limpa dos \u00faltimos vinte anos.<\/p>\t\t\t\t\t\t\t\t<\/div>\n\t\t\t\t\t<\/div>\n\t\t\t\t<\/div>\n\t\t<div class=\"elementor-element elementor-element-304f83d9 e-flex e-con-boxed wpr-particle-no wpr-jarallax-no wpr-parallax-no wpr-sticky-section-no wpr-equal-height-no e-con e-parent\" data-id=\"304f83d9\" data-element_type=\"container\" data-e-type=\"container\" data-settings=\"{&quot;background_background&quot;:&quot;classic&quot;,&quot;shape_divider_bottom&quot;:&quot;arrow&quot;}\">\n\t\t\t\t\t<div class=\"e-con-inner\">\n\t\t\t\t<div class=\"elementor-shape elementor-shape-bottom\" aria-hidden=\"true\" data-negative=\"false\">\n\t\t\t<svg xmlns=\"http:\/\/www.w3.org\/2000\/svg\" viewBox=\"0 0 700 10\" preserveAspectRatio=\"none\">\n\t<path class=\"elementor-shape-fill\" d=\"M350,10L340,0h20L350,10z\"\/>\n<\/svg>\t\t<\/div>\n\t\t<div class=\"elementor-element elementor-element-50688e78 e-flex e-con-boxed wpr-particle-no wpr-jarallax-no wpr-parallax-no wpr-sticky-section-no wpr-equal-height-no elementor-invisible e-con e-child\" data-id=\"50688e78\" data-element_type=\"container\" data-e-type=\"container\" data-settings=\"{&quot;animation&quot;:&quot;zoomIn&quot;}\">\n\t\t\t\t\t<div class=\"e-con-inner\">\n\t\t\t\t<div class=\"elementor-element elementor-element-7b754e97 elementor-widget elementor-widget-heading\" data-id=\"7b754e97\" data-element_type=\"widget\" data-e-type=\"widget\" data-widget_type=\"heading.default\">\n\t\t\t\t\t<h2 class=\"elementor-heading-title elementor-size-default\">Seja um Associado<\/h2>\t\t\t\t<\/div>\n\t\t\t\t<div class=\"elementor-element elementor-element-5f003321 elementor-widget elementor-widget-text-editor\" data-id=\"5f003321\" data-element_type=\"widget\" data-e-type=\"widget\" data-widget_type=\"text-editor.default\">\n\t\t\t\t\t\t\t\t\t<p>Ao associar-se voc\u00ea se tornar um cliente de todo o nosso sistema, obtendo in\u00fameros benef\u00edcios, servi\u00e7os e vantagens.<\/p>\t\t\t\t\t\t\t\t<\/div>\n\t\t\t\t<div class=\"elementor-element elementor-element-260b794b wpr-button-icon-style-inline wpr-button-icon-position-right wpr-button-tooltip-position-bottom elementor-widget elementor-widget-wpr-button\" data-id=\"260b794b\" data-element_type=\"widget\" data-e-type=\"widget\" data-widget_type=\"wpr-button.default\">\n\t\t\t\t\t\t\n\t\t\t\n\t\t\n\t\t<div class=\"wpr-button-wrap elementor-clearfix\">\n\t\t<a class=\"wpr-button wpr-button-effect wpr-button-none\" data-text=\"\" href=\"https:\/\/sindesp.org.br\/index.php\/seja-um-associado\/\">\n\t\t\t\n\t\t\t<span class=\"wpr-button-content\">\n\t\t\t\t\t\t\t\t\t<span class=\"wpr-button-text\">Associe-se\t<\/span>\n\t\t\t\t\t\t\t\t\n\t\t\t\t\t\t\t<\/span>\n\t\t<\/a>\n\n\t\t<div class=\"wpr-button-tooltip\"><p>Preencha o formul\u00e1rio para ser um associado<\/p><\/div>\t\t<\/div>\n\t\n\t\n\t\t\t\t\t<\/div>\n\t\t\t\t\t<\/div>\n\t\t\t\t<\/div>\n\t\t\t\t\t<\/div>\n\t\t\t\t<\/div>\n\t\t<div class=\"elementor-element elementor-element-25c4038d e-flex e-con-boxed wpr-particle-no wpr-jarallax-no wpr-parallax-no wpr-sticky-section-no wpr-equal-height-no e-con e-parent\" data-id=\"25c4038d\" data-element_type=\"container\" data-e-type=\"container\" data-settings=\"{&quot;background_background&quot;:&quot;classic&quot;}\">\n\t\t\t\t\t<div class=\"e-con-inner\">\n\t\t<div class=\"elementor-element elementor-element-587bd3b7 e-con-full elementor-hidden-mobile e-flex wpr-particle-no wpr-jarallax-no wpr-parallax-no wpr-sticky-section-no wpr-equal-height-no e-con e-child\" data-id=\"587bd3b7\" data-element_type=\"container\" data-e-type=\"container\">\n\t\t\t\t<div class=\"elementor-element elementor-element-6e6cfeb8 wpr-main-menu-align-center wpr-main-menu-align--tabletleft wpr-main-menu-align--mobileleft wpr-pointer-underline wpr-pointer-line-fx wpr-pointer-fx-fade wpr-sub-icon-caret-down wpr-sub-menu-fx-fade wpr-nav-menu-bp-mobile wpr-mobile-menu-full-width wpr-mobile-menu-item-align-center wpr-mobile-toggle-v1 wpr-sub-divider-yes wpr-mobile-divider-yes elementor-widget elementor-widget-wpr-nav-menu\" data-id=\"6e6cfeb8\" data-element_type=\"widget\" data-e-type=\"widget\" data-settings=\"{&quot;menu_layout&quot;:&quot;horizontal&quot;}\" data-widget_type=\"wpr-nav-menu.default\">\n\t\t\t\t\t<nav class=\"wpr-nav-menu-container wpr-nav-menu-horizontal\" data-trigger=\"hover\" data-consider-header=\"\" data-scroll-speed=\"500\"><ul id=\"menu-1-6e6cfeb8\" class=\"wpr-nav-menu\"><li class=\"menu-item menu-item-type-post_type menu-item-object-page menu-item-home menu-item-1936\"><a href=\"https:\/\/sindesp.org.br\/\" class=\"wpr-menu-item wpr-pointer-item\">Home<\/a><\/li>\n<li class=\"menu-item menu-item-type-post_type menu-item-object-page menu-item-has-children menu-item-1937\"><a aria-haspopup=\"true\" aria-expanded=\"false\" href=\"https:\/\/sindesp.org.br\/index.php\/sobre\/\" class=\"wpr-menu-item wpr-pointer-item\">O SINDESP<i class=\"wpr-sub-icon fas\" aria-hidden=\"true\"><\/i><\/a>\n<ul class=\"sub-menu wpr-sub-menu\">\n\t<li class=\"menu-item menu-item-type-custom menu-item-object-custom menu-item-2335\"><a href=\"https:\/\/sindesp.org.br\/index.php\/sobre\/\" class=\"wpr-sub-menu-item\">Quem somos<\/a><\/li>\n\t<li class=\"menu-item menu-item-type-post_type menu-item-object-page menu-item-3110\"><a href=\"https:\/\/sindesp.org.br\/index.php\/presidente\/\" class=\"wpr-sub-menu-item\">Presidente<\/a><\/li>\n\t<li class=\"menu-item menu-item-type-post_type menu-item-object-page menu-item-1940\"><a href=\"https:\/\/sindesp.org.br\/index.php\/diretoria\/\" class=\"wpr-sub-menu-item\">Diretoria<\/a><\/li>\n\t<li class=\"menu-item menu-item-type-post_type menu-item-object-page menu-item-1941\"><a href=\"https:\/\/sindesp.org.br\/index.php\/estatuto\/\" class=\"wpr-sub-menu-item\">Estatuto<\/a><\/li>\n\t<li class=\"menu-item menu-item-type-post_type menu-item-object-page menu-item-1933\"><a href=\"https:\/\/sindesp.org.br\/index.php\/fatos-relevantes\/\" class=\"wpr-sub-menu-item\">Fatos Relevantes<\/a><\/li>\n<\/ul>\n<\/li>\n<li class=\"menu-item menu-item-type-post_type menu-item-object-page menu-item-1943\"><a href=\"https:\/\/sindesp.org.br\/index.php\/seja-um-associado\/\" class=\"wpr-menu-item wpr-pointer-item\">Associe-se<\/a><\/li>\n<li class=\"menu-item menu-item-type-post_type menu-item-object-page menu-item-3871\"><a href=\"https:\/\/sindesp.org.br\/index.php\/blog\/\" class=\"wpr-menu-item wpr-pointer-item\">Blog<\/a><\/li>\n<li class=\"menu-item menu-item-type-post_type menu-item-object-page menu-item-1944\"><a href=\"https:\/\/sindesp.org.br\/index.php\/galerias\/\" class=\"wpr-menu-item wpr-pointer-item\">Galerias<\/a><\/li>\n<li class=\"menu-item menu-item-type-post_type menu-item-object-page menu-item-1942\"><a href=\"https:\/\/sindesp.org.br\/index.php\/convenios\/\" class=\"wpr-menu-item wpr-pointer-item\">Conv\u00eanios<\/a><\/li>\n<li class=\"menu-item menu-item-type-post_type menu-item-object-page menu-item-3111\"><a href=\"https:\/\/sindesp.org.br\/index.php\/mais-saude\/\" class=\"wpr-menu-item wpr-pointer-item\">Mais Sa\u00fade<\/a><\/li>\n<li class=\"menu-item menu-item-type-post_type menu-item-object-page menu-item-1939\"><a href=\"https:\/\/sindesp.org.br\/index.php\/piso-salarial\/\" class=\"wpr-menu-item wpr-pointer-item\">Piso Salarial<\/a><\/li>\n<li class=\"menu-item menu-item-type-post_type menu-item-object-page menu-item-1938\"><a href=\"https:\/\/sindesp.org.br\/index.php\/contato\/\" class=\"wpr-menu-item wpr-pointer-item\">Contato<\/a><\/li>\n<\/ul><\/nav><nav class=\"wpr-mobile-nav-menu-container\"><div class=\"wpr-mobile-toggle-wrap\"><div class=\"wpr-mobile-toggle\"><span class=\"wpr-mobile-toggle-line\"><\/span><span class=\"wpr-mobile-toggle-line\"><\/span><span class=\"wpr-mobile-toggle-line\"><\/span><\/div><\/div><ul id=\"mobile-menu-2-6e6cfeb8\" class=\"wpr-mobile-nav-menu\"><li class=\"menu-item menu-item-type-post_type menu-item-object-page menu-item-home menu-item-1936\"><a href=\"https:\/\/sindesp.org.br\/\" class=\"wpr-mobile-menu-item\">Home<\/a><\/li>\n<li class=\"menu-item menu-item-type-post_type menu-item-object-page menu-item-has-children menu-item-1937\"><a href=\"https:\/\/sindesp.org.br\/index.php\/sobre\/\" class=\"wpr-mobile-menu-item\">O SINDESP<\/a>\n<ul class=\"sub-menu wpr-sub-menu\">\n\t<li class=\"menu-item menu-item-type-custom menu-item-object-custom menu-item-2335\"><a href=\"https:\/\/sindesp.org.br\/index.php\/sobre\/\" class=\"wpr-mobile-sub-menu-item\">Quem somos<\/a><\/li>\n\t<li class=\"menu-item menu-item-type-post_type menu-item-object-page menu-item-3110\"><a href=\"https:\/\/sindesp.org.br\/index.php\/presidente\/\" class=\"wpr-mobile-sub-menu-item\">Presidente<\/a><\/li>\n\t<li class=\"menu-item menu-item-type-post_type menu-item-object-page menu-item-1940\"><a href=\"https:\/\/sindesp.org.br\/index.php\/diretoria\/\" class=\"wpr-mobile-sub-menu-item\">Diretoria<\/a><\/li>\n\t<li class=\"menu-item menu-item-type-post_type menu-item-object-page menu-item-1941\"><a href=\"https:\/\/sindesp.org.br\/index.php\/estatuto\/\" class=\"wpr-mobile-sub-menu-item\">Estatuto<\/a><\/li>\n\t<li class=\"menu-item menu-item-type-post_type menu-item-object-page menu-item-1933\"><a href=\"https:\/\/sindesp.org.br\/index.php\/fatos-relevantes\/\" class=\"wpr-mobile-sub-menu-item\">Fatos Relevantes<\/a><\/li>\n<\/ul>\n<\/li>\n<li class=\"menu-item menu-item-type-post_type menu-item-object-page menu-item-1943\"><a href=\"https:\/\/sindesp.org.br\/index.php\/seja-um-associado\/\" class=\"wpr-mobile-menu-item\">Associe-se<\/a><\/li>\n<li class=\"menu-item menu-item-type-post_type menu-item-object-page menu-item-3871\"><a href=\"https:\/\/sindesp.org.br\/index.php\/blog\/\" class=\"wpr-mobile-menu-item\">Blog<\/a><\/li>\n<li class=\"menu-item menu-item-type-post_type menu-item-object-page menu-item-1944\"><a href=\"https:\/\/sindesp.org.br\/index.php\/galerias\/\" class=\"wpr-mobile-menu-item\">Galerias<\/a><\/li>\n<li class=\"menu-item menu-item-type-post_type menu-item-object-page menu-item-1942\"><a href=\"https:\/\/sindesp.org.br\/index.php\/convenios\/\" class=\"wpr-mobile-menu-item\">Conv\u00eanios<\/a><\/li>\n<li class=\"menu-item menu-item-type-post_type menu-item-object-page menu-item-3111\"><a href=\"https:\/\/sindesp.org.br\/index.php\/mais-saude\/\" class=\"wpr-mobile-menu-item\">Mais Sa\u00fade<\/a><\/li>\n<li class=\"menu-item menu-item-type-post_type menu-item-object-page menu-item-1939\"><a href=\"https:\/\/sindesp.org.br\/index.php\/piso-salarial\/\" class=\"wpr-mobile-menu-item\">Piso Salarial<\/a><\/li>\n<li class=\"menu-item menu-item-type-post_type menu-item-object-page menu-item-1938\"><a href=\"https:\/\/sindesp.org.br\/index.php\/contato\/\" class=\"wpr-mobile-menu-item\">Contato<\/a><\/li>\n<\/ul><\/nav>\t\t\t\t<\/div>\n\t\t\t\t<\/div>\n\t\t<div class=\"elementor-element elementor-element-51259a58 e-con-full e-flex wpr-particle-no wpr-jarallax-no wpr-parallax-no wpr-sticky-section-no wpr-equal-height-no e-con e-child\" data-id=\"51259a58\" data-element_type=\"container\" data-e-type=\"container\">\n\t\t\t\t<div class=\"elementor-element elementor-element-4fe1d5bb elementor-widget__width-initial wpr-logo-position-center elementor-widget elementor-widget-wpr-logo\" data-id=\"4fe1d5bb\" data-element_type=\"widget\" data-e-type=\"widget\" data-widget_type=\"wpr-logo.default\">\n\t\t\t\t\t\t\t\t\n\t\t\t<div class=\"wpr-logo elementor-clearfix\">\n\n\t\t\t\t\t\t\t\t<picture class=\"wpr-logo-image\">\n\t\t\t\t\t\t\t\t\t\t<source media=\"(max-width: 767px)\" srcset=\"https:\/\/sindesp.org.br\/wp-content\/uploads\/2025\/09\/Untitled_design-removebg-preview-2.png\">\t\n\t\t\t\t\t\n\t\t\t\t\t\t\t\t\t\t<source srcset=\"https:\/\/sindesp.org.br\/wp-content\/uploads\/2025\/09\/Untitled_design-removebg-preview-2.png 1x, https:\/\/sindesp.org.br\/wp-content\/uploads\/2025\/09\/Untitled_design-removebg-preview-2.png 2x\">\t\n\t\t\t\t\t\t\t\t\t\t\n\t\t\t\t\t<img decoding=\"async\" src=\"https:\/\/sindesp.org.br\/wp-content\/uploads\/2025\/09\/Untitled_design-removebg-preview-2.png\" alt=\"\">\n\n\t\t\t\t\t\t\t\t\t\t\t<a class=\"wpr-logo-url\" rel=\"home\" aria-label=\"\" href=\"https:\/\/sindesp.org.br\/\"><\/a>\n\t\t\t\t\t\t\t\t\t<\/picture>\n\t\t\t\t\n\t\t\t\t\n\t\t\t\t\t\t\t\t\t<a class=\"wpr-logo-url\" rel=\"home\" aria-label=\"\" href=\"https:\/\/sindesp.org.br\/\"><\/a>\n\t\t\t\t\n\t\t\t<\/div>\n\t\t\t\t\n\t\t\t\t\t\t<\/div>\n\t\t\t\t<\/div>\n\t\t<div class=\"elementor-element elementor-element-2b697f75 e-con-full e-flex wpr-particle-no wpr-jarallax-no wpr-parallax-no wpr-sticky-section-no wpr-equal-height-no e-con e-child\" data-id=\"2b697f75\" data-element_type=\"container\" data-e-type=\"container\">\n\t\t\t\t<div class=\"elementor-element elementor-element-4139d6b2 elementor-widget elementor-widget-text-editor\" data-id=\"4139d6b2\" data-element_type=\"widget\" data-e-type=\"widget\" data-widget_type=\"text-editor.default\">\n\t\t\t\t\t\t\t\t\t<p>Digi&amp;tal Networks Todos os direitos reservados<\/p>\t\t\t\t\t\t\t\t<\/div>\n\t\t\t\t<\/div>\n\t\t\t\t\t<\/div>\n\t\t\t\t<\/div>\n\t\t\t\t<\/div>\n\t\t","protected":false},"excerpt":{"rendered":"<p>O SINDESP No dia 23 de junho de 2016, reunidos em Assembleia Geral, no audit\u00f3rio do Centro de Estudos Sociais Aplicados \u2013 CESA, aconteceu uma ASSEMBLEIA GERAL EXTRAORDIN\u00c1RIA convocada atrav\u00e9s de Edital publicado no jornal O POVO de 20 de junho de 2016. Na pauta constava a cobran\u00e7a da presta\u00e7\u00e3o de contas da antiga diretoria e, caso isto n\u00e3o acontecesse, a vota\u00e7\u00e3o da sua destitui\u00e7\u00e3o e a aclama\u00e7\u00e3o de uma diretoria provis\u00f3ria. Na \u00faltima hora o presidente da \u00e9poca tentou tumultuar o evento atrav\u00e9s de uma notifica\u00e7\u00e3o extrajudicial que foi ignorada pela assembleia. A sua aus\u00eancia ensejou a vota\u00e7\u00e3o por unanimidade de sua destitui\u00e7\u00e3o e a aclama\u00e7\u00e3o de uma diretoria provis\u00f3ria constitu\u00edda de 7 membros: professor Gilberto Leit\u00e3o \u2013 presidente, professor In\u00e1cio de Loiola Saraiva- vice-presidente, Vanda Nuvens Cidade Silveira \u2013 vice-presidente regional da URCA, Jos\u00e9 C\u00e9lio Gomes de Andrade \u2013 vice-presidente regional da UVA, Adegildo Ferrer \u2013 secret\u00e1rio geral, Alberto Dias Gadanha- diretor de Finan\u00e7as e Heloisa Barros Leal \u2013 diretora de imprensa e divulga\u00e7\u00e3o. A miss\u00e3o prec\u00edpua da diretoria provis\u00f3ria era de estancar a sangria financeira, conter os desmandos da diretoria destitu\u00edda e promover elei\u00e7\u00f5es livres e democr\u00e1ticas para recompor a dire\u00e7\u00e3o do SINDESP. A diretoria provis\u00f3ria encontrou a sede do SINDESP semidestru\u00edda, um saldo de apenas 13.000,00 (treze mil reais) na conta banc\u00e1ria e d\u00edvidas as mais diversas. Durante o per\u00edodo da Diretoria Provis\u00f3ria foi iniciada a elabora\u00e7\u00e3o do novo estatuto do SINDESP e promovida a elei\u00e7\u00e3o que aconteceu no dia 29 de novembro de 2016 para o preenchimento de todos os cargos da Diretoria Executiva, do Conselho Fiscal e a representa\u00e7\u00e3o de todos os Centros e Faculdades da UECE, da URCA e da UVA. A Diretoria Provis\u00f3ria sofreu alguns percal\u00e7os. A conta banc\u00e1ria do SINDESP foi bloqueada por conta de uma interven\u00e7\u00e3o absurda da justi\u00e7a comum provocada por uma a\u00e7\u00e3o intempestiva da inconformada diretoria executiva destitu\u00edda. No entanto, a diretoria provis\u00f3ria cumpriu algumas metas: iniciou a discuss\u00e3o sobre o novo estatuto, conteve os desmandos e os gastos excessivos e injustificados e o mais importante, promoveu a primeira elei\u00e7\u00e3o limpa dos \u00faltimos vinte anos. Seja um Associado Ao associar-se voc\u00ea se tornar um cliente de todo o nosso sistema, obtendo in\u00fameros benef\u00edcios, servi\u00e7os e vantagens. Associe-se Preencha o formul\u00e1rio para ser um associado Home O SINDESP Quem somos Presidente Diretoria Estatuto Fatos Relevantes Associe-se Galerias Conv\u00eanios Mais Sa\u00fade Piso Salarial Contato Home O SINDESP Quem somos Presidente Diretoria Estatuto Fatos Relevantes Associe-se Galerias Conv\u00eanios Mais Sa\u00fade Piso Salarial Contato Digi&amp;tal Networks Todos os direitos reservados<\/p>\n","protected":false},"author":1,"featured_media":0,"parent":0,"menu_order":0,"comment_status":"closed","ping_status":"closed","template":"elementor_header_footer","meta":{"_joinchat":[],"footnotes":""},"class_list":["post-1301","page","type-page","status-publish","hentry"],"_links":{"self":[{"href":"https:\/\/sindesp.org.br\/index.php\/wp-json\/wp\/v2\/pages\/1301","targetHints":{"allow":["GET"]}}],"collection":[{"href":"https:\/\/sindesp.org.br\/index.php\/wp-json\/wp\/v2\/pages"}],"about":[{"href":"https:\/\/sindesp.org.br\/index.php\/wp-json\/wp\/v2\/types\/page"}],"author":[{"embeddable":true,"href":"https:\/\/sindesp.org.br\/index.php\/wp-json\/wp\/v2\/users\/1"}],"replies":[{"embeddable":true,"href":"https:\/\/sindesp.org.br\/index.php\/wp-json\/wp\/v2\/comments?post=1301"}],"version-history":[{"count":12,"href":"https:\/\/sindesp.org.br\/index.php\/wp-json\/wp\/v2\/pages\/1301\/revisions"}],"predecessor-version":[{"id":3787,"href":"https:\/\/sindesp.org.br\/index.php\/wp-json\/wp\/v2\/pages\/1301\/revisions\/3787"}],"wp:attachment":[{"href":"https:\/\/sindesp.org.br\/index.php\/wp-json\/wp\/v2\/media?parent=1301"}],"curies":[{"name":"wp","href":"https:\/\/api.w.org\/{rel}","templated":true}]}}